 40 is divided by d(-5).
12
Let l(d) = d - 11. What is the remainder when 43 is divided by l(20)?
7
Let u = -522 + 743. What is the remainder when u is divided by 37?
36
Let o(m) = -m**2 - 7*m + 15. Calculate the remainder when 124 is divided by o(-5).
24
Let j = 31 + -19. Let a = j - -1. Calculate the remainder when a is divided by 7.
6
Suppose -y - 2*t + 5 = -1, -y + t = -6. What is the remainder when 15 is divided by y?
3
Suppose -3*i + 5*k - 4 = 2, 0 = -2*k + 6. Let y(j) = 4*j**2 + 2*j. Calculate the remainder when i*(-2 - (-84)/9) is divided by y(-2).
10
Let v be 2/(2/(-16)*-2). Let g be 35/5 + 0 + -2. Suppose v = 4*s, g*l - s - 22 = -2*s. Calculate the remainder when l is divided by 3.
1
Suppose 140 = -z + 5*z. Let f = z + -19. What is the remainder when f is divided by (-6)/7*(0 - 7)?
4
Suppose -8*g = 53 - 149. Calculate the remainder when 22 is divided by g.
10
Let b = -7 - -18. Calculate the remainder when 16 is divided by b.
5
Suppose -4 = 4*q - 5*q. Suppose 0*u - q*a = u - 1, -44 = -4*u + 4*a. Calculate the remainder when 24 is divided by u.
6
Let a(c) = 24*c**2 - 3*c - 2. What is the remainder when 73 is divided by a(-1)?
23
Let u(h) = 5*h**3 - 5*h**2 - 7*h + 2. Let q(a) = a**3 - a**2 - a. Let b(p) = -4*q(p) + u(p). What is the remainder when 32 is divided by b(3)?
10
Let f(y) = -4*y + 8. Let j(p) = p. Let m(u) = -f(u) - j(u). What is the remainder when 99 is divided by m(11)?
24
Let x(t) = -t + 9. Let d be x(8). Let s(u) be the second derivative of 4*u**4/3 + u**3/6 - u**2/2 - u. What is the remainder when s(d) is divided by 6?
4
What is the remainder when 23 + (-2)/(0 + 1) is divided by 11?
10
Suppose 8*o + 265 = 3*o. Let f = -36 - o. Let u = 99 - 51. What is the remainder when u is divided by f?
14
Let m(a) be the first derivative of 2*a**2 - 4*a - 4. What is the remainder when 58 is divided by m(6)?
18
Suppose 4*p + 4*k - 35 = 25, -k = 5*p - 83. Suppose 5*i - 2*y + 45 = 0, -y = -7*i + 3*i - 36. Calculate the remainder when (-2)/(-3) + (-426)/i is divided by p.
14
Suppose -18 = 3*b - 138. Suppose 28 = 3*z - z. What is the remainder when b is divided by z?
12
Let v be 0 + (-12)/(-4) + 0. Let r = -14 + 20. What is the remainder when 43 is divided by 62/4 - v/r?
13
Suppose -34 = -2*o - 6. Calculate the remainder when 39 is divided by o.
11
Suppose -4*k + 2*v = -v + 4, -5 = 5*k - 4*v. Let c(m) = -5*m. What is the remainder when 8 is divided by c(k)?
3
Let o(i) = -i + 14. Let m(l) = -l**2 + 7*l - 6. Let r be m(6). Calculate the remainder when 54 is divided by o(r).
12
What is the remainder when 22 - (2/1)/(-2) is divided by 13?
10
Suppose -5*v + 2*h - 9 = 0, v + 4*h - 9 = 2*v. Suppose 3*a - 2*a - 26 = 0. Calculate the remainder when a is divided by 2/(v - (-22)/18).
8
Suppose -7*a = -3*a - 8. Let s(f) = f**2 - f - 2. Let l be s(a). Suppose -w + 3*w - 74 = l. Calculate the remainder when w is divided by 13.
11
Let j(u) = 39*u - 1. Calculate the remainder when j(1) is divided by 13.
12
Suppose 0 = 6*x - 2*x + 4*b - 32, -4*x - 3*b = -31. What is the remainder when 39 is divided by x?
4
Suppose -g + 2 + 1 = 0. Let u(b) = 3*b - 6. Calculate the remainder when 5 is divided by u(g).
2
Let s be (-6808)/18 + (-4)/(-18). Calculate the remainder when (-4)/(-26) - s/78 is divided by 2.
1
Let t = -5 - -11. Suppose -2*u - 72 = -t*u. Suppose n = 4*b + 69, -b + 155 = -n + 4*n. Calculate the remainder when n is divided by u.
17
Calculate the remainder when 12/(-48) - 165/(-4) is divided by 11.
8
Let g be ((101 - 2)/(-3))/(-1). Let b = -16 + g. What is the remainder when 0 - (0 - 2*16) is divided by b?
15
Let o = -7 - -9. Let q(c) = 0*c**3 - c + 8*c**2 - 3 - 4*c**2 + c**3. Calculate the remainder when o is divided by q(-4).
0
Let v(m) = 15*m. Calculate the remainder when v(5) is divided by 26.
23
Suppose -c = 3*k - k, -6 = -2*c - k. Suppose -3*q + q + 3*g = -3, 0 = 4*q + c*g + 4. Suppose q*u = -5*u + 100. What is the remainder when 58 is divided by u?
18
Suppose v - 4*v + 12 = 0. Let g(t) = -9*t + 3. Let j be g(-4). Suppose 13 + j = v*z. What is the remainder when 37 is divided by z?
11
Let p = -21 + 13. Suppose 4*g = -x + 20, -3*g - 13 = 3*x - 4*x. What is the remainder when 248/2*p/(-32) is divided by x?
15
Suppose 0*q - 3*q = 6. Let s be (q/(-3))/((-2)/(-24)). Suppose s = 2*t - t. What is the remainder when t is divided by 3?
2
Let i(f) be the first derivative of -2*f**2 - 3*f - 8. Calculate the remainder when i(-3) is divided by 4.
1
Let p(r) = r**2 + 10*r + 31. What is the remainder when 65 is divided by p(-9)?
21
Calculate the remainder when -2 + (-3)/(3/(-17)) is divided by 9.
6
Suppose g = 2 + 2. What is the remainder when 13 is divided by g?
1
Let g be -1*(-4 + 1 + -2). Suppose -4*n = -5*d - 3 - 1, -3*d + g = 5*n. Calculate the remainder when 3 is divided by n.
0
Suppose 5*k - 51 = -11. Suppose 0*f = -2*f + k. Let x(m) = m**3 - 3*m**2 + m - 5. What is the remainder when 28 is divided by x(f)?
13
Suppose y + 39 = -p, 12 = 5*y - 2*y. Let i = 85 + p. Suppose 4*a = 5*c + 5*a - 115, -c = a - 27. What is the remainder when i is divided by c?
20
Suppose -q + 4 = -2. Let s(o) = -o**2 - 10*o - 7. Let h be s(-9). Suppose 12 - 4 = 2*m - p, -h*p = 0. What is the remainder when q is divided by m?
2
Suppose 0*f = f - 10. Suppose w + 2 = f. Calculate the remainder when 472/14 + w/28 is divided by 12.
10
Suppose 5 + 3 = 4*q - 4*i, -2*i = -4*q + 16. What is the remainder when 22 is divided by q?
4
Let m be 14/4 - (-3)/(-6). Suppose m*t - 7 = -25. What is the remainder when 17 is divided by ((-3)/t)/1*20?
7
Let j = -9 + 12. Suppose 3*b - 12 = -j. What is the remainder when 4 is divided by b?
1
Suppose 0 = -4*a - 34 + 86. Suppose 4 + 5 = 3*v. Suppose -2*q - 5 = v*x, q + 5*x = -3 - 17. Calculate the remainder when a is divided by q.
3
Let q = 10 + 28. Calculate the remainder when q is divided by 10.
8
Let x(d) = d**3 + d**2 - 3*d - 1. Let t(k) = k**2 + 8*k - 6. Let z be t(-9). Calculate the remainder when 0/(-2) + (z - 2) is divided by x(-2).
0
Let h = -1 - -3. Suppose h*q = -q + 15. Suppose f - 14 = -q*o, -4*o + o = 4*f - 5. What is the remainder when o is divided by 2?
1
Suppose -5*s - 2*v = -3*v - 30, 5*s - 35 = 2*v. Let q = s + -7. What is the remainder when q/4*31*-2 is divided by 11?
9
Suppose -4*b = 2*n - 96, -3*b + b + 44 = 2*n. Calculate the remainder when 76 is divided by b.
24
Let k(n) = -5*n**3 + n**2 + 2*n + 1. Let i be k(-1). Suppose 85 = i*p - 0*p. Let a = p + -5. What is the remainder when a is divided by 7?
5
Let d(f) = 5*f**2 - 2*f + 2. What is the remainder when d(5) is divided by 30?
27
Let f be 194/(-7) + (-4)/14. Let b = 40 + f. Calculate the remainder when b is divided by 2 - 5 - (5 + -13).
2
Let o(w) = -6*w. Let l be o(-3). Suppose -l = -4*x - 2*y - y, 0 = -5*x - 4*y + 22. Calculate the remainder when ((-16)/x)/((-2)/12) is divided by 6.
4
Let o = 1 + 17. What is the remainder when 33 is divided by o?
15
Suppose -2*z + 44 = z - 4*g, -4*z + 2*g = -52. What is the remainder when z is divided by 7?
5
Suppose 0 = -q + 98. Let t = 89 + -64. Calculate the remainder when q is divided by t.
23
Suppose u - 2*v = -4*u + 128, 5*v = 2*u - 47. Let w(s) = 3*s**2 + 6*s + 5. Calculate the remainder when w(-5) is divided by u.
24
Let j = 0 - -12. Suppose -3*f + j = -0*f + 3*i, 3*f - 3*i + 6 = 0. Calculate the remainder when 2 is divided by (-1 - 2/(-1))/f.
0
Let a be 2 + 1*18*2. Suppose -3*y + a = -2*y. Calculate the remainder when y is divided by 13.
12
Let z(g) = -g**2 - g + 11. Let c be z(0). Let y = c - 0. Calculate the remainder when 20 is divided by y.
9
Suppose 4*w + w = 30. Suppose 9*n - 21 = w*n. Calculate the remainder when n is divided by 5.
2
Suppose -7 = 3*j - 22. Suppose -5*y + 2*y + 3 = 0. Calculate the remainder when y is divided by j/4 + (-2)/8.
0
Let d = 49 + -27. Suppose 4*y = -v + 165, 0 = y - 5*v - 14 - d. Calculate the remainder when y is divided by 14.
13
Suppose -1201 = -r - 1189. Suppose -x = -5*f + 241 + 653, -2*x = -2. Suppose i = 2, -7*w = -2*w + 2*i - f. Calculate the remainder when w is divided by r.
11
Let m(c) = -3 + 0*c - c**3 - 2*c + c**2 - 3*c**3. Let j be (3 - (-16)/(-6))*-6. What is the remainder when m(j) is divided by 13?
11
Let g = 161 + 130. Suppose -4*p - 35 = -g. What is the remainder when p is divided by 22